nd 1716?
156
Calculate the greatest common divisor of 194 and 679.
97
What is the highest common divisor of 9271 and 127?
127
What is the highest common factor of 3186 and 54?
54
What is the highest common divisor of 208 and 112?
16
Calculate the highest common factor of 1948 and 36.
4
Calculate the greatest common divisor of 625 and 100.
25
What is the greatest common factor of 44 and 220?
44
Calculate the highest common factor of 15170 and 246.
82
Calculate the highest common divisor of 83151 and 9.
9
What is the greatest common factor of 15 and 135?
15
Calculate the greatest common divisor of 1372 and 28.
28
What is the greatest common divisor of 22 and 18?
2
Calculate the greatest common factor of 40 and 740.
20
What is the highest common factor of 927 and 9?
9
Calculate the greatest common divisor of 11 and 11.
11
Calculate the greatest common divisor of 84 and 96.
12
Calculate the greatest common divisor of 13 and 208.
13
What is the highest common factor of 1496 and 2924?
68
What is the greatest common divisor of 119 and 17?
17
Calculate the greatest common factor of 5049 and 99.
99
Calculate the highest common factor of 725 and 5771.
29
Calculate the greatest common factor of 1598 and 102.
34
Calculate the highest common factor of 80 and 10480.
80
What is the highest common divisor of 82 and 7421?
41
Calculate the greatest common divisor of 10393 and 57.
19
What is the highest common factor of 7 and 7245?
7
Calculate the greatest common factor of 160 and 64.
32
Calculate the highest common divisor of 7088 and 48.
16
Calculate the highest common divisor of 15 and 18435.
15
What is the highest common factor of 13366 and 123?
41
Calculate the highest common divisor of 141 and 235.
47
Calculate the greatest common factor of 26 and 143.
13
What is the greatest common factor of 115 and 20240?
115
What is the highest common factor of 33 and 220?
11
What is the highest common divisor of 2483 and 273?
13
Calculate the highest common divisor of 5572 and 252.
28
Calculate the greatest common factor of 616 and 448.
56
What is the highest common factor of 68 and 4148?
68
What is the highest common divisor of 5985 and 90?
45
What is the greatest common divisor of 2024 and 88?
88
Calculate the greatest common factor of 73 and 219.
73
What is the highest common divisor of 5350 and 250?
50
What is the highest common divisor of 78 and 1898?
26
What is the greatest common factor of 637 and 13?
13
What is the greatest common factor of 16 and 688?
16
Calculate the highest common factor of 340 and 255.
85
What is the highest common factor of 80 and 380?
20
What is the greatest common divisor of 28 and 742?
14
Calculate the greatest common factor of 259 and 111.
37
What is the highest common factor of 40 and 30?
10
What is the highest common divisor of 34 and 2482?
34
What is the highest common divisor of 3 and 174?
3
What is the greatest common factor of 384 and 42?
6
Calculate the greatest common divisor of 1349 and 950.
19
What is the highest common divisor of 32 and 288?
32
What is the highest common divisor of 777 and 74?
37
Calculate the highest common divisor of 28 and 28.
28
Calculate the highest common divisor of 33 and 44.
11
Calculate the greatest common factor of 63 and 287.
7
Calculate the highest common factor of 120 and 16440.
120
Calculate the greatest common factor of 162 and 63.
9
What is the highest common divisor of 24 and 474?
6
What is the greatest common factor of 112 and 208?
16
What is the greatest common divisor of 208 and 1456?
208
What is the greatest common divisor of 665 and 1295?
35
What is the highest common divisor of 2138 and 2?
2
Calculate the highest common divisor of 99 and 18.
9
What is the highest common factor of 58 and 30972?
58
What is the highest common divisor of 26 and 403?
13
What is the greatest common divisor of 2548 and 784?
196
What is the highest common factor of 1225 and 25?
25
Calculate the greatest common divisor of 377 and 13.
13
What is the highest common divisor of 315 and 1701?
63
Calculate the greatest common divisor of 3455 and 5.
5
Calculate the highest common factor of 40 and 6856.
8
What is the greatest common divisor of 7052 and 205?
41
Calculate the greatest common divisor of 3296 and 103.
103
Calculate the highest common factor of 203 and 174.
29
What is the greatest common divisor of 905 and 45?
5
Calculate the greatest common divisor of 242 and 1826.
22
Calculate the greatest common divisor of 1088 and 17.
17
Calculate the greatest common divisor of 144 and 360.
72
What is the greatest common divisor of 327 and 1853?
109
Calculate the greatest common divisor of 255 and 4505.
85
What is the greatest common divisor of 595 and 560?
35
Calculate the greatest common factor of 2 and 982.
2
What is the greatest common factor of 72 and 198?
18
What is the greatest common factor of 108 and 1053?
27
What is the greatest common factor of 1152 and 45?
9
What is the greatest common divisor of 45 and 144?
9
Calculate the highest common divisor of 20 and 204.
4
What is the greatest common divisor of 152 and 171?
19
What is the greatest common divisor of 15614 and 37?
37
What is the highest common factor of 56 and 40?
8
What is the greatest common divisor of 925 and 10?
5
What is the greatest common divisor of 156 and 663?
39
What is the greatest common factor of 1517 and 407?
37
Calculate the greatest common divisor of 150 and 102.
6
Calculate the highest common divisor of 4285 and 5.
5
What is the greatest common divisor of 30 and 54?
6
What is the greatest common factor of 215 and 172?
43
What is the greatest common factor of 1408 and 616?
88
What is the highest common factor of 1378 and 26?
26
Calculate the greatest common factor of 130 and 455.
65
Calculate the highest common divisor of 13869 and 134.
67
What is the greatest common divisor of 504 and 32?
8
Calculate the highest common divisor of 17181 and 621.
207
Calculate the greatest common factor of 480 and 36.
12
Calculate the highest common divisor of 10 and 35.
5
What is the greatest common factor of 845 and 45?
5
Calculate the greatest common factor of 92 and 1196.
92
What is the highest common divisor of 40 and 820?
20
What is the highest common divisor of 96 and 368?
16
Calculate the greatest common divisor of 3420 and 72.
36
What is the highest common factor of 162 and 12798?
162
What is the highest common divisor of 11873 and 31?
31
Calculate the greatest common divisor of 726 and 132.
66
Calculate the highest common factor of 29593 and 293.
293
Calculate the highest common divisor of 20 and 6120.
20
Calculate the highest common factor of 171 and 1520.
19
What is the highest common factor of 22 and 14531?
11
What is the greatest common factor of 710 and 50?
10
Calculate the highest common divisor of 2601 and 6.
3
Calculate the highest common divisor of 119 and 68.
17
What is the highest common divisor of 33 and 9977?
11
Calculate the greatest common divisor of 456 and 24.
24
Calculate the greatest common factor of 1763 and 41.
41
Calculate the greatest common divisor of 69 and 5037.
69
What is the highest common factor of 2456 and 56?
8
Calculate the greatest common divisor of 1514 and 2.
2
Calculate the greatest common divisor of 2911 and 205.
41
Calculate the greatest common factor of 515 and 10.
5
Calculate the highest common factor of 300 and 240.
60
Calculate the greatest common divisor of 1099 and 7.
7
Calculate the greatest common factor of 81 and 135.
27
Calculate the highest common divisor of 30 and 3540.
30
What is the highest common divisor of 819 and 1287?
117
Calculate the greatest common factor of 14 and 259.
7
What is the highest common factor of 994 and 658?
14
Calculate the highest common factor of 340 and 136.
68
Calculate the greatest common factor of 2576 and 112.
112
What is the greatest common divisor of 22 and 22?
22
Calculate the highest common divisor of 329 and 5499.
47
Calculate the highest common divisor of 50 and 7850.
50
Calculate the greatest common factor of 28236 and 156.
156
What is the highest common divisor of 304 and 12?
4
Calculate the highest common divisor of 51 and 6681.
51
Calculate the greatest common divisor of 72 and 768.
24
What is the greatest common factor of 10777 and 65?
13
Calculate th